 Calculate s(7).
-93
Let s(q) = -q**3 - 14*q**2 + 10*q + 95. Give s(-14).
-45
Let g(r) = -13*r + 801. Calculate g(48).
177
Let q(j) = j**3 - 8*j**2 - 66*j - 604. Determine q(15).
-19
Let k(v) = -12*v - 1003. What is k(-101)?
209
Let i(l) = l**3 - 138*l**2 + 667*l - 15. Give i(5).
-5
Let i(n) = -39*n + 289. Give i(7).
16
Let c(j) = -4*j**2 + 18*j + 183. Give c(9).
21
Let l(b) = -b**3 - 11*b**2 + 68*b + 741. Calculate l(-8).
5
Let f(x) = 3*x**2 - x - 57. Determine f(5).
13
Let g(o) = o**3 - 7*o**2 + 48*o - 115. What is g(3)?
-7
Let a(y) = y**3 + 344*y + 690. Calculate a(-2).
-6
Let k(i) = -9*i**2 + 163*i - 1. What is k(20)?
-341
Let b(q) = 2*q**2 + 60*q + 370. Calculate b(-23).
48
Let u(p) = 421*p**2 - 785*p - 3. Give u(2).
111
Let g(n) = n**2 - 403*n + 1590. Determine g(4).
-6
Let x(f) = 39*f**2 + 348*f - 22. Determine x(-9).
5
Let n(d) = -d**3 + 329*d**2 - 21657*d - 242. Give n(238).
-4
Let m(o) = o**3 - 100*o**2 + 901*o - 88. What is m(90)?
2
Let t(q) = -48*q + 906. Determine t(24).
-246
Let b(w) = -11613*w + 23216. Determine b(2).
-10
Let q(l) = -l**3 + 4*l**2 + 2*l + 115. Calculate q(0).
115
Let z(q) = -q**3 + 48*q**2 + 43*q + 312. Give z(49).
18
Let x(f) = -f**3 + 14*f**2 + 13*f - 428. Calculate x(7).
6
Let u(k) = -k**3 + 31*k**2 - 162*k - 142. What is u(24)?
2
Let j(k) = -57*k - 4618. Give j(-79).
-115
Let f(n) = -156*n**3 + 2*n**2 - 2*n - 3. Give f(-1).
157
Let n(s) = s**3 - 11*s**2 - 87*s + 961. What is n(11)?
4
Let b(x) = 507*x - 27. What is b(0)?
-27
Let q(a) = a**3 - 21*a**2 - 250*a + 4686. What is q(23)?
-6
Let a(h) = 72*h - 867. Give a(12).
-3
Let d(s) = -19*s**3 - s**2 - 2*s + 6. Give d(2).
-154
Let a(q) = -2*q**2 + 195*q + 784. Determine a(-4).
-28
Let z(y) = y**2 - 33*y - 285. Determine z(0).
-285
Let l(n) = 2*n**2 + 21*n - 52. Calculate l(-12).
-16
Let i(a) = 5*a**2 + 47*a - 4. Calculate i(-9).
-22
Let v(p) = -p**2 - 225*p + 1656. Determine v(-232).
32
Let m(u) = u**3 - 10*u**2 + u + 3. Calculate m(5).
-117
Let p(k) = 32988*k + 98966. Calculate p(-3).
2
Let s(h) = -3*h - 87. Calculate s(-8).
-63
Let t(q) = 6*q**3 - 47*q**2 + 39*q - 113. Calculate t(8).
263
Let z(n) = -257*n + 2038. Calculate z(8).
-18
Let u(i) = 5*i**2 - 139*i + 133. Calculate u(26).
-101
Let k(d) = -227*d - 699. Determine k(-3).
-18
Let r(v) = -509*v**2 + 15*v + 20. What is r(-1)?
-504
Let t(p) = 21*p**2 - 216*p + 67. Give t(10).
7
Let c(f) = 9*f**2 + 3*f - 4. What is c(-3)?
68
Let s(c) = c**3 - 5*c**2 - 3*c - 55. What is s(8)?
113
Let g(u) = u**3 - 18*u**2 - 25*u - 314. Give g(20).
-14
Let w(u) = -u**3 - 75*u**2 - 77*u - 221. Calculate w(-74).
1
Let q(m) = -7*m**2 - 135*m - 128. Determine q(-18).
34
Let g(d) = d**3 + 9*d**2 - 20*d + 23. Calculate g(-11).
1
Let d(x) = 2*x**2 + 97*x - 1047. Determine d(9).
-12
Let f(n) = n**2 - 17*n - 25. Give f(-9).
209
Let s(h) = -4*h**2 + h + 9. What is s(3)?
-24
Let w(h) = -2*h**3 + 71*h**2 + 37*h - 2. What is w(36)?
34
Let i(j) = j**2 + 43*j + 438. What is i(-26)?
-4
Let u(h) = h**3 - 18*h**2 + 12*h + 228. Determine u(16).
-92
Let z(n) = -23*n**2 + 50*n - 52. What is z(1)?
-25
Let p(q) = -q**3 + 2*q**2 + q + 32. Determine p(0).
32
Let x(k) = 146*k**2 - 5*k - 5. Calculate x(-1).
146
Let j(f) = 5*f**2 - 56*f + 33. Determine j(9).
-66
Let g(j) = 2*j**3 - 47*j**2 + 23*j - 24. Calculate g(23).
-24
Let p(u) = u**2 - 434*u + 24888. What is p(366)?
0
Let r(f) = 2*f**2 + 40*f + 19. Give r(-20).
19
Let h(x) = -90*x**2 + 29*x + 6. Determine h(2).
-296
Let x(d) = d**3 + 56*d**2 - 190*d - 775. Determine x(-59).
-8
Let a(x) = 420*x - 822. Calculate a(2).
18
Let l(n) = -3*n**2 - 48*n + 772. Determine l(-26).
-8
Let j(z) = -z**2 + 5*z + 11. Give j(-2).
-3
Let v(d) = -d**3 + 28*d**2 - 46*d - 153. Calculate v(26).
3
Let a(r) = -r**3 + 75*r**2 - 134*r - 870. What is a(73)?
6
Let f(t) = t**2 + 5932*t + 71056. Determine f(-12).
16
Let i(g) = 119*g + 234. What is i(-2)?
-4
Let i(c) = -2*c**2 + 3*c + 9. Determine i(-3).
-18
Let r(c) = 11*c - 44. What is r(3)?
-11
Let f(x) = -x**2 - 4*x + 50. Determine f(6).
-10
Let t(b) = -b**2 + 68*b - 1256. What is t(27)?
-149
Let r(j) = 3*j**3 - 16*j**2 + 48*j + 9. What is r(5)?
224
Let n(c) = c**3 - 9*c**2 - 10*c + 4. Calculate n(-2).
-20
Let i(g) = -10*g**3 + 130*g**2 + 2*g - 10. What is i(13)?
16
Let h(y) = 4*y**3 + 5*y**2 + 54*y + 148. Calculate h(-3).
-77
Let u(p) = 2*p**2 - 14*p - 2. What is u(-10)?
338
Let n(r) = -r**3 - 29*r**2 - 45*r - 470. Calculate n(-28).
6
Let m(r) = -90*r + 19175. Determine m(213).
5
Let h(v) = 8*v**2 + 55*v + 47. Give h(-4).
-45
Let z(o) = o**2 - 6*o + 42. Calculate z(7).
49
Let s(k) = 623*k - 13703. Determine s(22).
3
Let g(a) = -4*a**2 - 12*a + 90. Determine g(5).
-70
Let y(c) = 526*c - 21550. Give y(41).
16
Let f(s) = -s**3 + s**2 - 5*s + 1. What is f(-4)?
101
Let a(g) = -1357*g + 14933. What is a(11)?
6
Let n(r) = 52*r - 1951. Calculate n(33).
-235
Let x(n) = n**3 - 16*n + 260. Calculate x(0).
260
Let h(d) = 2*d**2 + 23*d - 668. Calculate h(-22).
-206
Let p(d) = 15*d**3 + 3*d + 12. Calculate p(-3).
-402
Let s(b) = 71*b**3 - 4*b**2 + 3*b + 17. Give s(-2).
-573
Let j(w) = w**3 + 45*w**2 - 10*w. Determine j(-3).
408
Let d(b) = -509*b**3 - 4*b**2 + 14*b - 10. Give d(1).
-509
Let j(i) = -i**3 + 59*i**2 + 125*i - 220. Determine j(61).
-37
Let v(a) = a**2 - 182*a + 1867. Calculate v(11).
-14
Let y(w) = -2*w**2 + 442*w - 5029. Give y(12).
-13
Let p(f) = 257*f - 11068. Determine p(43).
-17
Let f(c) = -15*c**2 - 24*c + 83. Calculate f(2).
-25
Let v(u) = u**3 + u**2 - 6*u + 2. Give v(-3).
2
Let i(g) = -12*g + 299. What is i(24)?
11
Let n(f) = f**2 + 18664*f + 111954. Determine n(-6).
6
Let t(u) = -u**3 - 2*u**2 - 31*u - 305. What is t(-6)?
25
Let a(v) = 5*v**3 - 35*v**2 - 2*v + 8. Determine a(7).
-6
Let t(b) = -2*b**2 + 496*b + 44. Calculate t(0).
44
Let i(d) = -30*d + 260. What is i(8)?
20
Let m(x) = x**3 - 286*x**2 + 1163*x - 9881. Calculate m(282).
-11
Let n(p) = 12*p**2 + 236*p + 1051. Determine n(-12).
-53
Let b(c) = 3*c**2 + 92*c + 165. What is b(-28)?
-59
Let u(i) = 7*i - 88. Give u(7).
-39
Let m(h) = -30*h**2 + 209*h - 3. Give m(7).
-10
Let p(r) = 2*r**2 + 4*r - 330. Give p(12).
6
Let b(z) = -z**3 - 29*z**2 - 32*z - 58. Give b(-28).
54
Let r(c) = c**2 - 34*c + 83. Determine r(33).
50
Let p(g) = -2*g**3 - 20*g**2 + 36*g - 24. Give p(-13).
522
Let r(j) = -2*j**2 + 69*j + 1000. Determine r(-11).
-1
Let h(w) = -w**3 + 35*w**2 - 93*w - 102. Determine h(32).
-6
Let h(r) = -r**3 + 38*r**2 - 173*r + 19. What is h(5)?
-21
Let d(m) = -3*m**3 + 10*m**2 - 43*m + 16. What is d(5)?
-324
Let h(u) = u**3 - 6*u**2 + 3*u - 37. Calculate h(7).
33
Let v(f) = -367*f - 38180. What is v(-104)?
-12
Let v(o) = -2*o**3 + 16*o**2 + 17*o - 241. Calculate v(7).
-24
Let l(n) = 7*n**3 + 4*n**2 - 720*n + 716. Determine l(1).
7
Let o(w) = 147*w + 2920. Give o(-20).
-20
Let j(x) = -26*x - 261. Calculate j(-9).
-27
Let s(u) = 425*u - 15806. Calculate s(37).
-81
Let l(v) = -v**2 - 23*v - 87. What is l(-18)?
3
Let z(b) = -15*b**2 - 315*b - 11. Determine z(-22).
-341
Let c(y) = -2*y**2 - 2*y + 41. What is c(5)?
-19
Let m(j) = -8*j + 89. Calculate m(-15).
209
Let s(z) = 21*z**3 + 43*z**2 - 21*z + 3. What is s(-3)?
-114
Let k(x) = 26*x**2 + 156*x + 4. Give k(-6).
4
Let n(k) = k**3 + 14*k**2 + 9*k - 60. What is n(-13)?
-8
Let v(w) = -w**3 + 21*w**2 + 174*w + 75. Calculate v(-6).
3
Let l(o) = 12*o**2 - 65*o - 1038. Calculate l(-7).
5
Let i(t) = 182*t + 877. Give i(-5).
-33
Let b(q) = -3775*q**2 + 15098*q + 9. What is b(4)?
1
Let f(v) = -v**3 - 10*v**2 - 15*v. Give f(-8).
-8
Let n(z) = 4*z**2 - 176*z - 157. Calculate n(45).
23
Let u(o) = 6*o**3 - 3*o**2 - 5*o - 1. Determine u(-2).
-51
Let u(g) = 63*g**2 - g + 7. Give u(-2).
261
Let c(v) = 459*v + 3676. Give c(-8).
4
Let m(a) = -947*a - 2860. Give m(-3).
-19
Let r(q) = 402*q**2 + 209843*q - 525. Calculate r(-522).
-3
Let y(p) = -61*p**2 + 420*p + 59. Give y(7).
10
Let u(r) = -6127*r - 42895. Calculate u(-7).
-6
Let f(s) = -23*s**2 - 12*s - 4. Calculate f(-3).
-175
Let h(y) = -y**3 + 25*y**2 - 104*y + 1334. What is h(23)?
0
Let g(l) = l**3 - l**2 - 28*l + 14. What is g(-6)?
-70
Let n(h) = 108*h**2 + 652*h + 24. Give n(-6).
0
Let h(b) = -b**3 - 2*b**2 + 163*b - 67. Give h(-14).
3
Let c(j) = -6*j**2 + 66*j + 14. What is c(11)?
14
Let o(x) = 2300*x - 13806. Determine o